e 12, what is 143208 - 1a1?
143027
In base 6, what is -113 - 352040002?
-352040115
In base 14, what is -aadb + -13d?
-ac3a
In base 5, what is 20 + 123143434?
123144004
In base 3, what is -20111221121 + 210?
-20111220211
In base 3, what is 22 - 100110202022022?
-100110202022000
In base 8, what is 32224 + 350?
32574
In base 14, what is -20a2 - -246?
-1c5a
In base 8, what is -134036 - 335?
-134373
In base 11, what is -40a15 - 177?
-41091
In base 7, what is -6101 - -312156?
303055
In base 8, what is -7115173 - 70?
-7115263
In base 14, what is -842 - -1ab1?
126d
In base 6, what is 23 + -1342333442?
-1342333415
In base 9, what is -381483 - -157?
-381325
In base 6, what is 2 - -255452410?
255452412
In base 14, what is 664cc9 + 0?
664cc9
In base 6, what is -1211030244 + -12?
-1211030300
In base 4, what is -1010 - -1033233?
1032223
In base 15, what is -b217 + -28?
-b240
In base 13, what is 318 - b6bb?
-b3a3
In base 10, what is 84 - 14794?
-14710
In base 8, what is -7270220 - -12?
-7270206
In base 4, what is -10 + 211112031333?
211112031323
In base 5, what is 1040324 - 1011?
1034313
In base 12, what is -3537 - 12717?
-16052
In base 15, what is -4 + -ec6d7d?
-ec6d82
In base 4, what is 300131230 + 30313?
300222203
In base 10, what is -86 + 162220?
162134
In base 6, what is -23 + -101240023?
-101240050
In base 11, what is -142 + -8654?
-8796
In base 16, what is 9 - -3fd759d?
3fd75a6
In base 13, what is a - 345262?
-345255
In base 15, what is -27e - 17ba?
-1a49
In base 5, what is -40124121 + -2244?
-40131420
In base 4, what is 22333302033 + 3311?
22333312010
In base 7, what is -25263 + 10533?
-14430
In base 5, what is -222324432 + 1312?
-222323120
In base 6, what is 133541 + 2?
133543
In base 8, what is -640376 + -63?
-640461
In base 10, what is -11316 - -153?
-11163
In base 16, what is -504347 + -5?
-50434c
In base 9, what is -53 + -65682860?
-65683023
In base 13, what is -1 - 4514c1?
-4514c2
In base 3, what is 2101011111210122 + 11?
2101011111210210
In base 16, what is 3eb5 - -89?
3f3e
In base 12, what is -5 + 22a156a?
22a1565
In base 4, what is 2 + 120111211122?
120111211130
In base 12, what is 1882083 - 4?
188207b
In base 3, what is 100221011 - -1110121?
102101202
In base 10, what is 418 - -3473822?
3474240
In base 10, what is 2791347 + 32?
2791379
In base 7, what is -22 + -310314353?
-310314405
In base 3, what is -10011100001201 - 20012?
-10011100021220
In base 6, what is -1400 + -1300220?
-1302020
In base 13, what is -4 - -29381bc?
29381b8
In base 5, what is 142 - -210213133?
210213330
In base 3, what is -1 + 1102120220012121?
1102120220012120
In base 14, what is -78978cd - -5?
-78978c8
In base 13, what is -4 + 11045236?
11045232
In base 10, what is 119536 + -1219?
118317
In base 8, what is 44237571 - 3?
44237566
In base 7, what is 115354 + 1334?
120021
In base 4, what is -11021220 + -1022223?
-12110103
In base 13, what is b106 + -2ca?
ab09
In base 6, what is -202323 + -1235?
-204002
In base 3, what is -22020000101 - -21011?
-22012202020
In base 16, what is 1dfc - -6989?
8785
In base 13, what is 558cc + 179?
55a78
In base 8, what is 65 - -44512?
44577
In base 13, what is 281c - -5b67?
8686
In base 12, what is 85704569 + 3?
85704570
In base 6, what is -2333 + -413423?
-420200
In base 10, what is -1899624 - -21?
-1899603
In base 5, what is 1011120240 - -1204?
1011121444
In base 16, what is -3575d5 - 7?
-3575dc
In base 14, what is -1b724c - 2c?
-1b727a
In base 16, what is 0 + -1c0bba?
-1c0bba
In base 15, what is 4 - 144ca1?
-144c9c
In base 14, what is -b7d0 - -466?
-b368
In base 13, what is 5495 - 273?
5222
In base 12, what is 548 + 2476a?
250b6
In base 6, what is -25211012 - -2?
-25211010
In base 10, what is 1426971716 - 5?
1426971711
In base 9, what is -4182 - 240?
-4432
In base 9, what is 28787488 + -5?
28787483
In base 11, what is 374589 + 16?
3745a4
In base 2, what is 1000010111 - 100100111111100?
-100011111100101
In base 9, what is 560746 - -17?
560764
In base 9, what is -205 - -5117138?
5116833
In base 15, what is 5 - 6dc920?
-6dc91a
In base 2, what is 11000001000100110 + 1111101011100?
11010000110000010
In base 10, what is -344 + -1986?
-2330
In base 16, what is -33f2ffc - 0?
-33f2ffc
In base 2, what is -110011 - 1001011100011?
-1001100010110
In base 8, what is -3633 - 327?
-4162
In base 13, what is b1338 + 18?
b1353
In base 11, what is -803988 - -24?
-803964
In base 9, what is -3255877 + 43?
-3255834
In base 7, what is -34 + 2412436?
2412402
In base 3, what is -1101 - 201021101100?
-201021102201
In base 8, what is -21 - -142150505?
142150464
In base 13, what is 2539 - 15926?
-133ba
In base 13, what is 39013 + 1592?
3a5a5
In base 9, what is 810660 + -20?
810640
In base 2, what is 100010011000 + -1010100110110010?
-1010000100011010
In base 11, what is -671041 + -44a?
-671490
In base 6, what is -2432 + 3112054?
3105222
In base 15, what is 1a8d - -b48?
26d6
In base 3, what is -2000220110001 + 10?
-2000220102221
In base 12, what is 354 - -8930?
9084
In base 12, what is -444b - 1802b?
-2047a
In base 10, what is -177915 + -3?
-177918
In base 7, what is 152114521 - 0?
152114521
In base 13, what is -1210 + 21aa9?
20899
In base 16, what is -1084a - -266?
-105e4
In base 9, what is 2182 - -1828?
4121
In base 3, what is -222000020022001100 - 12?
-222000020022001112
In base 6, what is 330045 + -134?
325511
In base 9, what is 23150088 + -11?
23150077
In base 3, what is 10112202102 + 20011?
10112222120
In base 16, what is -3274 + -1534?
-47a8
In base 8, what is 7364 - -136276?
145662
In base 16, what is -38fb5 - 56?
-3900b
In base 10, what is -19805746 - 0?
-19805746
In base 5, what is -123 + 1411124111?
1411123433
In base 13, what is 1a75 + -8c?
19b6
In base 9, what is -322 + 104456?
104134
In base 6, what is 444 - -345401?
350245
In base 9, what is 45073584 - -4?
45073588
In base 4, what is -10220211 - -32?
-10220113
In base 8, what is 2577213 + -20?
2577173
In base 5, what is 1 - -2022402304?
2022402310
In base 7, what is 11521043566 + 1?
11521043600
In base 8, what is 344066 + 1631?
345717
In base 6, what is 2 - 53211255?
-53211253
In base 2, what is 100000111 + -111011001010100?
-111010101001101
In base 8, what is -14642 + -31742?
-46604
In base 7, what is 1156 - 3000402?
-2666213
In base 12, what is -3 - 5262888?
-526288b
In base 3, what is 12 - -10210001212002?
10210001212021
In base 4, what is -1032002 - 12021?
-1110023
In base 11, what is 46aa2 + 2a53?
49a45
In base 4, what is -112 - -1213233002?
1213232230
In base 2, what is -100001000001111000010010 - -11?
-100001000001111000001111
In base 13, what is 97685 + c?
97694
In base 3, what is 1212220 + -20001000000?
-12222010010
In base 7, what is -434510 + -464?
-435304
In base 8, what is -463 + 1737234?
1736551
In base 6, what is -323234524 + 23?
-323234501
In base 13, what is b2 + -533490?
-5333ab
In base 15, what is 4 + 97beb9?
97bebd
In base 2, what is -1111010110101001 - -10001010110?
-1111000101010011
In base 10, what is -10 - 18667417?
-18667427
In base 16, what is 770037 + -2f?
770008
In base 16, what is -128832 - -8?
-12882a
In base 3, what is 110011121100221 + 12?
110011121101010
In base 13, what is 24c - 159a?
-134b
In base 15, what is -1570140 + 0?
-1570140
In base 8, what is 106434275 - -5?
106434302
In base 13, what is -2 + 324499a4?
324499a2
In base 5, what is 0 + 2233033221?
2233033221
In base 14, what is 41 - 2d3526?
-2d34c5
In base 11, what is -4 - 34301757?
-34301760
In base 13, what is -84c94 - -307?
-8498a
In base 16, what is 1574e + 0?
1574e
In base 11, what is 1 - -aa997?
aa998
In base 6, what is -52403535 + -314?
-52404253
In base 7, what is -34511 - 202625?
-240436
In base 3, what is 1200122212122002 + -10?
1200122212121222
In base 16, what is 1f - 303623?
-303604
In base 3, what is -202010 - -1001120210212?
1001120001202
In base 10, what is -3 + -4978584?
-4978587
In base 12, what is -1689430 + 2?
-168942a
In base 5, what is 2 + 433333103?
433333110
In base 4, what is -302312323 + -32?
-302313021
In base 2, what is 10100110 - 100011111011001001010?
-100011111010110100100
In base 13, what is -2168570 + -1?
-2168571
In base 11, what is 5010911 - -4?
5010915
In base 7, what is -31236423 + -2?
-31236425
In base 11, what is -1846a30 + -1?
-1846a31
In base 2, what is -1100110 - 11